3849?
8
What is the ten thousands digit of 262290?
6
What is the thousands digit of 114535?
4
What is the hundreds digit of 97129?
1
What is the thousands digit of 1135174?
5
What is the ten thousands digit of 70878?
7
What is the hundreds digit of 2350501?
5
What is the hundreds digit of 87168?
1
What is the hundreds digit of 196189?
1
What is the thousands digit of 2107279?
7
What is the hundreds digit of 78471?
4
What is the tens digit of 3915583?
8
What is the hundred thousands digit of 4138519?
1
What is the hundred thousands digit of 267823?
2
What is the tens digit of 19107777?
7
What is the tens digit of 118585?
8
What is the hundreds digit of 1560794?
7
What is the units digit of 209969?
9
What is the hundreds digit of 4571019?
0
What is the millions digit of 8876127?
8
What is the millions digit of 3893758?
3
What is the ten thousands digit of 11856652?
5
What is the hundred thousands digit of 170672?
1
What is the hundred thousands digit of 284542?
2
What is the thousands digit of 19030684?
0
What is the thousands digit of 1683530?
3
What is the ten thousands digit of 15636369?
3
What is the units digit of 1311308?
8
What is the hundreds digit of 5212500?
5
What is the ten thousands digit of 10112858?
1
What is the hundred thousands digit of 273912?
2
What is the ten thousands digit of 41419?
4
What is the tens digit of 158321?
2
What is the hundred thousands digit of 2073258?
0
What is the thousands digit of 185462?
5
What is the tens digit of 49617?
1
What is the hundred thousands digit of 232923?
2
What is the units digit of 3296808?
8
What is the hundreds digit of 5628854?
8
What is the tens digit of 13097304?
0
What is the thousands digit of 611615?
1
What is the units digit of 3688165?
5
What is the hundreds digit of 158957?
9
What is the thousands digit of 3736940?
6
What is the hundreds digit of 93472?
4
What is the units digit of 368245?
5
What is the hundreds digit of 1743441?
4
What is the ten thousands digit of 6637522?
3
What is the thousands digit of 269281?
9
What is the thousands digit of 98632?
8
What is the hundreds digit of 124057?
0
What is the thousands digit of 476260?
6
What is the ten millions digit of 32967363?
3
What is the hundreds digit of 11031526?
5
What is the hundreds digit of 12051302?
3
What is the hundreds digit of 88328?
3
What is the thousands digit of 9138211?
8
What is the tens digit of 24136965?
6
What is the hundreds digit of 1668062?
0
What is the units digit of 56163?
3
What is the ten thousands digit of 271196?
7
What is the units digit of 229117?
7
What is the units digit of 282335?
5
What is the hundred thousands digit of 841819?
8
What is the ten thousands digit of 4414368?
1
What is the hundreds digit of 2730741?
7
What is the units digit of 467980?
0
What is the thousands digit of 5580636?
0
What is the thousands digit of 5169916?
9
What is the hundreds digit of 805831?
8
What is the ten thousands digit of 2747653?
4
What is the thousands digit of 1598185?
8
What is the hundred thousands digit of 441214?
4
What is the hundred thousands digit of 324726?
3
What is the millions digit of 5093786?
5
What is the thousands digit of 202249?
2
What is the thousands digit of 989546?
9
What is the thousands digit of 162759?
2
What is the units digit of 219171?
1
What is the ten thousands digit of 4319635?
1
What is the tens digit of 369684?
8
What is the units digit of 114286?
6
What is the hundreds digit of 628389?
3
What is the thousands digit of 2490988?
0
What is the hundred thousands digit of 1278910?
2
What is the hundred thousands digit of 328870?
3
What is the units digit of 59432?
2
What is the thousands digit of 285655?
5
What is the units digit of 4402764?
4
What is the hundred thousands digit of 934132?
9
What is the ten thousands digit of 25791128?
9
What is the units digit of 2054894?
4
What is the tens digit of 78394?
9
What is the hundred thousands digit of 8608808?
6
What is the units digit of 380333?
3
What is the hundred thousands digit of 2063426?
0
What is the millions digit of 2655027?
2
What is the ten thousands digit of 344182?
4
What is the ten thousands digit of 3584525?
8
What is the ten thousands digit of 421446?
2
What is the thousands digit of 305700?
5
What is the ten thousands digit of 7274472?
7
What is the units digit of 135383?
3
What is the units digit of 6118099?
9
What is the tens digit of 21447156?
5
What is the units digit of 3906232?
2
What is the tens digit of 8578182?
8
What is the units digit of 5726913?
3
What is the tens digit of 965042?
4
What is the thousands digit of 214089?
4
What is the thousands digit of 37682?
7
What is the units digit of 163685?
5
What is the units digit of 600219?
9
What is the ten thousands digit of 3571588?
7
What is the units digit of 13300785?
5
What is the units digit of 1549697?
7
What is the tens digit of 1386458?
5
What is the units digit of 280493?
3
What is the units digit of 23743?
3
What is the hundreds digit of 16454265?
2
What is the tens digit of 8197946?
4
What is the thousands digit of 2800442?
0
What is the tens digit of 29647321?
2
What is the tens digit of 2758038?
3
What is the tens digit of 4548911?
1
What is the hundred thousands digit of 1145573?
1
What is the hundred thousands digit of 1638062?
6
What is the tens digit of 225235?
3
What is the tens digit of 1191620?
2
What is the thousands digit of 9050358?
0
What is the hundreds digit of 1791013?
0
What is the millions digit of 1072363?
1
What is the ten thousands digit of 13453?
1
What is the thousands digit of 3931268?
1
What is the units digit of 3556687?
7
What is the units digit of 308534?
4
What is the hundred thousands digit of 12897091?
8
What is the ten thousands digit of 691189?
9
What is the tens digit of 1872230?
3
What is the millions digit of 1053398?
1
What is the ten thousands digit of 2975614?
7
What is the ten thousands digit of 4441619?
4
What is the thousands digit of 158281?
8
What is the hundred thousands digit of 285327?
2
What is the hundreds digit of 14762?
7
What is the hundreds digit of 471271?
2
What is the units digit of 6281?
1
What is the units digit of 440512?
2
What is the hundreds digit of 3971994?
9
What is the tens digit of 5276468?
6
What is the ten thousands digit of 298688?
9
What is the hundreds digit of 172964?
9
What is the millions digit of 21211159?
1
What is the millions digit of 1635766?
1
What is the tens digit of 8023434?
3
What is the hundreds digit of 4918435?
4
What is the tens digit of 528412?
1
What is the hundred thousands digit of 225741?
2
What is the units digit of 4002468?
8
What is the thousands digit of 416045?
6
What is the units digit of 1817324?
4
What is the ten thousands digit of 435507?
3
What is the ten thousands digit of 761630?
6
What is the hundred thousands digit of 550173?
5
What is the units digit of 112474?
4
What is the units digit of 34713173?
3
What is the millions digit of 3874948?
3
What is the hundreds digit of 6776248?
2
What is the hundred thousands digit of 3776996?
7
What is the ten thousands digit of 3687618?
8
What is the hundreds digit of 483321?
3
What is the thousands digit of 1846901?
6
What is the ten thousands digit of 766429?
6
What is the thousands digit of 6626648?
6
What is the thousands digit of 17961?
7
What is the ten thousands digit of 8178235?
7
What is the ten thousands digit of 18993185?
9
What is the hundred thousands digit of 11251479?
2
What is the millions digit of 1195255?
1
What is the units digit of 331762?
2
What is the units digit of 10072971?
1
What is the units digit of 2409371?
1
What is the millions digit of 2539485?
2
What is the thousands digit of 117211?
7
What is the ten millions digit of 22999940?
2
What is the hundreds digit of 717472?
4
What is the units digit of 62070?
0
What is the thousands digit of 6242706?
2
What is the ten thousands digit of 3227967?
2
What is the ten thousands digit of 56191?
5
What is the hundred thousands digit of 8125620?
1
What is the hundred thousands digit of 160148?
1
What is the units digit of 2252456?
6
What is the ten thousands digit of 178327?
7
What is the ten thousands digit of 67041?
6
What is the hundred thousands digit of 9906285?
9
What is the units digit of 1695968?
8
What is the te